12, what is -ba + 745?
647
In base 3, what is 102101222112 - 0?
102101222112
In base 5, what is 140030 - 240?
134240
In base 4, what is -103100 + 23313?
-13121
In base 6, what is 0 + -1010432?
-1010432
In base 9, what is 50340 - 10?
50330
In base 12, what is 1484 + 2b8?
1780
In base 2, what is -111111100010010100 - 1000?
-111111100010011100
In base 14, what is -d + 18123?
18114
In base 12, what is 3991b - 4?
39917
In base 15, what is -bd - 6d?
-13b
In base 10, what is -142 + 1023?
881
In base 10, what is 21 - 1226?
-1205
In base 10, what is 2931 - -302?
3233
In base 2, what is 10 - 100011010000?
-100011001110
In base 5, what is 210134 - -1?
210140
In base 13, what is 2ba - 97?
223
In base 7, what is 104 - -4412?
4516
In base 4, what is 1002302 - -3?
1002311
In base 8, what is -33327 - 1?
-33330
In base 16, what is -19 - 295a?
-2973
In base 9, what is 2385 - -25?
2421
In base 11, what is 53 + 11?
64
In base 2, what is 101011010 + -110011101?
-1000011
In base 2, what is 11 + 110100111101110?
110100111110001
In base 2, what is -1011000 - 1001001101?
-1010100101
In base 5, what is 13020 + 2012?
20032
In base 2, what is 10010101011101 + -100110000?
10010000101101
In base 14, what is 3 - 10381?
-1037c
In base 12, what is a2ab1 + 9?
a2aba
In base 4, what is 11110122 + 2?
11110130
In base 7, what is -430 - -11142?
10412
In base 10, what is 10 - -2505?
2515
In base 11, what is 276 + -1?
275
In base 4, what is -102 + -111332121?
-111332223
In base 3, what is -100221102 - 100?
-100221202
In base 11, what is 28 + -9598a?
-95962
In base 4, what is 202203 + -133311?
2232
In base 5, what is 210024 + 12?
210041
In base 9, what is -676 + -102?
-778
In base 2, what is -1001100100 + 100111?
-1000111101
In base 9, what is 13 + -483?
-470
In base 10, what is -2 + 250669?
250667
In base 4, what is 13122 + 103321?
123103
In base 9, what is -455 + 35?
-420
In base 14, what is 35c3 + 0?
35c3
In base 16, what is -525c5 + 2?
-525c3
In base 11, what is 3a878 - -4?
3a881
In base 11, what is -13a67a7 - -4?
-13a67a3
In base 15, what is 2b - 4e?
-23
In base 8, what is -33077 + -51?
-33150
In base 9, what is -8604 - 8?
-8613
In base 9, what is 25 + -1346?
-1321
In base 12, what is -44 - -7a9?
765
In base 8, what is -114060 + -5?
-114065
In base 6, what is -10 + 201310?
201300
In base 14, what is 2199b - -1?
2199c
In base 13, what is -1b - -17a?
15c
In base 7, what is -406 + 3246?
2540
In base 10, what is 1599226 - -3?
1599229
In base 8, what is -7 + -273042?
-273051
In base 13, what is 57a - -26?
5a3
In base 2, what is 100 - -1010000010000101?
1010000010001001
In base 12, what is 2 + 427743?
427745
In base 13, what is -6 - -80540?
80537
In base 10, what is -1252 + -134?
-1386
In base 13, what is 9 + -b209?
-b200
In base 15, what is 0 - -87e?
87e
In base 5, what is 0 + 2433203?
2433203
In base 10, what is 39 - 454?
-415
In base 11, what is 13 - -53029?
53041
In base 3, what is 10 - -2022222222?
2100000002
In base 16, what is 7a7 - 7b?
72c
In base 4, what is 1002122 - 2031?
1000031
In base 4, what is 33230 + -323?
32301
In base 11, what is 22 - -11747?
11769
In base 10, what is 14 + 2472?
2486
In base 6, what is 2 + -11241?
-11235
In base 8, what is -3 - 34740?
-34743
In base 15, what is -5721 - 0?
-5721
In base 15, what is -b42 - -1?
-b41
In base 13, what is 2550 - 5?
2548
In base 12, what is 54 - 1619?
-1585
In base 8, what is 210 + -212?
-2
In base 2, what is 11010010000111 - -101?
11010010001100
In base 11, what is 4492 + -49?
4444
In base 4, what is 210331 - 22012?
122313
In base 12, what is -776 + -46?
-800
In base 14, what is 0 - -7a158?
7a158
In base 14, what is 2a - 16ca?
-16a0
In base 8, what is -32445 + -67?
-32534
In base 8, what is -21 - 37144?
-37165
In base 11, what is 90 - 431?
-351
In base 7, what is 113304 - -5?
113312
In base 11, what is 4 - 5192?
-5189
In base 11, what is 3643 - 215?
3429
In base 7, what is -1205564 + -5?
-1205602
In base 3, what is 1200210001 - -2?
1200210010
In base 13, what is 2299 + -11?
2288
In base 6, what is 111 + -231?
-120
In base 10, what is -86 - 395?
-481
In base 11, what is 51 - 2a4?
-253
In base 7, what is 15255 + -13?
15242
In base 7, what is 150 + -1433?
-1253
In base 2, what is 10 - -111001011000110?
111001011001000
In base 12, what is 2517 - -16?
2531
In base 2, what is -1111111100010000 - 100?
-1111111100010100
In base 15, what is -116a + -27?
-1192
In base 6, what is 4051 - -22020?
30111
In base 16, what is -14 - -3242?
322e
In base 12, what is 69a74 + -2?
69a72
In base 12, what is -35621 + -3?
-35624
In base 9, what is -3353562 + 5?
-3353556
In base 7, what is 214464 - -202?
214666
In base 16, what is -6eb - -18?
-6d3
In base 8, what is -24760 - 0?
-24760
In base 3, what is 1011211 + -1121?
1010020
In base 3, what is -12100 - -2000210?
1211110
In base 11, what is -6 + -404?
-40a
In base 5, what is -13243401 + -2?
-13243403
In base 15, what is 2b4 - -170?
434
In base 6, what is -24 + 15530?
15502
In base 16, what is -1a248 - -1?
-1a247
In base 10, what is -6 + 804848?
804842
In base 3, what is 201010121002 - -10?
201010121012
In base 11, what is 63 + 1995?
1a48
In base 9, what is 0 + -68055?
-68055
In base 3, what is -2 + -210222001?
-210222010
In base 2, what is -1010001111 - -1101101?
-1000100010
In base 8, what is 4 - 3474055?
-3474051
In base 12, what is -ab + 45b?
370
In base 9, what is 3 - 4405?
-4402
In base 16, what is -d8c + 4?
-d88
In base 3, what is -110 + -112210011?
-112210121
In base 16, what is 296 + -c2?
1d4
In base 4, what is 200130 - 3211?
130313
In base 4, what is 13223112 + -3?
13223103
In base 9, what is 1663 - 706?
856
In base 14, what is 57 - 820?
-7a7
In base 2, what is 10011000 - -11111010101?
100001101101
In base 13, what is 5 + 78c0?
78c5
In base 13, what is 121 - 390?
-26c
In base 15, what is 9 - -489d5?
489de
In base 10, what is 10 - -2099?
2109
In base 4, what is 1321 + -10002?
-2021
In base 10, what is -17 + 13985?
13968
In base 14, what is 1db78 - 7?
1db71
In base 11, what is -439920 + -5?
-439925
In base 10, what is -1421 + 136?
-1285
In base 10, what is 1 + -177165?
-177164
In base 6, what is -203401 + 2?
-203355
In base 14, what is 3 + -4cd7?
-4cd4
In base 12, what is 251a269 + 1?
251a26a
In base 2, what is 1000100110 + -110011?
111110011
In base 5, what is -301203 + 0?
-301203
In base 8, what is 0 - -17133?
17133
In base 13, what is -45972 - -3?
-4596c
In base 16, what is -1 + -737e?
-737f
In base 12, what is 567 + -3b?
528
In base 15, what is 5828 - bb?
575c
In base 5, what is -11 + 110200?
110134
In base 14, what is -2 - 43a7?
-43a9
In base 11, what is -a86 + -a96?
-1a71
In base 10, what is 1071568 - 1?
1071567
In base 7, what is -24 + -163?
-220
In base 8, what is 5 - 1245115?
-1245110
In base 4, what is 2133 - -103223?
112022
In base 11, what is -6472 + 5?
-6468
In base 7, what is 11 + 3156?
3200
In base 16, what is -20b - -37?
-1d4
In base 15, what is -50 + -282e?
-287e
In base 16, what is a82 - 3b?
a47
In base 13, what is 360 + 498?
828
In base 16, what is 3 - -120d?
1210
In base 2, what is 11 + -10001010111111011101?
-10001010111111011010
In base 13, what is -42b6 - 34?
-431a
In base 9, what is 26527 - -117?
26645
In base 12, what is 29 + -17b9?
-1790
In base 9, what is -4 + -74070?
-74074
In base 13, what is 25927 - 5?
25922
In base 10, what is 5 + 17826?
17831
In base 10, what is 2 + -6917?
-6915
In base 13, what is 5 - -117c?
1184
In base 9, what is -11248 - -14?
-11234
In base 11, what is 3a + 1a834?
1a873
In base 11, what is -7a5702 - 1?
-7a5703
In base 11, what is -a + 67077?
67068
In base 13, what is -7a380 + 3?
-7a37a
In base 11, what is 4 - -10003a5?
10003a9
In base 5, what is 0 + 1442?
1442
In base 4, what is -330002300 - -30?
-330002210
In base 11, what is 3 - 9263?
-9260
In base 12, what is -3 + b662?
b65b
In base 10, what is -2 + 8813?
8811
In base 9, what is 37165 + 13?
37178
In base 6, what is 224 - -1?
225
In base 7, what is 4 + 125450?
125454
In base 2, what is 0 - -11011001101001011?
11011001101001011
In base 14, what is 134 + dc0?
1114
In base 4, what is 12 + 12320?
12332
In base 2, what is 11 - -10000100001011?
10000100001110
In base 11, what is -27 + 68?
41
In base 15, what is 2b43 - e?
2b34
In base 14, what is -9 + -c293?
-c29c
In base 11, what is -3 - 